ppose -5*r - 20 = 0, -y + 5*r = 299 + 209. Let l be 1/12 + (-484)/y. What is the greatest common factor of 17 and l?
1
Let g be (-6456)/(-30)*6090/84. What is the greatest common factor of 58 and g?
58
Let d be ((-27)/(-3))/(9/138). Suppose 61*m = -15*m + 3496. What is the greatest common factor of d and m?
46
Suppose 72 = -6*t - 180. Let j = t + 44. Suppose 117 = 4*g - a, g + j*a + 3*a - 24 = 0. What is the highest common factor of g and 319?
29
Suppose 5*m + 7*i = 8*i + 1228, -5*i - 15 = 0. Suppose -y + m = -25. What is the highest common divisor of y and 10?
10
Suppose q - 5*l = 18, 8*q = 6*q - l + 47. Let m be (75 - 1) + 2 + 2. Let h = m - 55. Calculate the greatest common divisor of q and h.
23
Suppose -5*l + 722 = 182. Suppose -3*z - 6*z = -l. Let m be z*5/(16 - 1). What is the greatest common factor of m and 16?
4
Let v = -3 + 65. Let a be (2 - 6)*(v/(-4) - 0). Let i = -59 + a. What is the highest common divisor of 21 and i?
3
Let x = -24 + 26. Suppose -3*m + 5*s = 9, -x*m = 3*m - 3*s - 1. Suppose -m*c = z - 34, -2*z + 73 = -0*z - c. What is the greatest common factor of z and 12?
12
Let t(j) = -j**2 + 13*j + 41. Suppose 9*o = 4*o + 4*b + 95, -2*b = 3*o - 35. Let d be t(o). What is the greatest common divisor of 275 and d?
11
Let k be (-3)/(-1)*(0 - -31). Let r = 1522 - 2210. Let l = r + 719. Calculate the highest common divisor of k and l.
31
Let z be (-36)/117 - 8460/(-117). What is the greatest common factor of z and 56?
8
Let l(q) = -205*q - 78. Let v be l(-3). Let i = 546 - v. What is the highest common divisor of i and 81?
9
Suppose 0 = -7*d - 8*d + 15. Let k(o) = 112*o + 8. Let x be k(d). Calculate the greatest common factor of x and 48.
24
Let w = 730 + -375. Let p = 1477 - w. What is the greatest common factor of p and 17?
17
Suppose b - 147 = -2*b. Suppose 5*d + 7 = 3*n - 13, -4*n - 5*d = -50. Suppose -n*x - b = -17*x. Calculate the greatest common factor of x and 56.
7
Let u(i) = 5*i + 4. Let z be u(3). Let m(w) = -14*w**2 + 4*w - 4. Let v be m(3). Let l = 137 + v. What is the highest common factor of l and z?
19
Suppose 881*i + 828 = 887*i. Calculate the highest common factor of 54 and i.
6
Suppose -720 = -6*c + 1482. Let b = -136 + c. Calculate the highest common factor of 42 and b.
21
Let u(n) = -5*n**3 + 6*n**3 - 8*n + 10*n**2 - 8 - 5*n**2. Let b be u(-6). Suppose -b = -5*r + 396. What is the highest common divisor of r and 32?
16
Let z = -1872 + 3258. What is the greatest common factor of z and 441?
63
Let k be (-6)/(66/(-11)) - 6 - 34/(-1). What is the greatest common factor of k and 29261?
29
Suppose i - 3 = -3*n, -5*i - 2*n = 7 - 35. Let u(r) = -5*r + 34. Let s be u(i). What is the highest common divisor of s and 12?
4
Suppose -174 + 526 = 4*l + i, 3*l - 5*i = 241. Calculate the greatest common divisor of 26709 and l.
87
Let h = 36 + -31. Let w be (-160)/12*18/h. Let m = w + 58. Calculate the greatest common divisor of m and 90.
10
Let g be (134/(-10))/((-188)/29140). Calculate the greatest common factor of g and 201.
67
Suppose 29*w - 5*w - 648 = 0. Suppose s + 36 = 4*h, 30 = 5*h - 3*s - 2*s. Suppose -5*d + 285 = 3*j, 35 = 5*j + h. What is the highest common divisor of d and w?
27
Let g be (-1)/2 + 546/(-4). Let n = g - -134. Let r(i) = -10*i - 6. Let a be r(n). Calculate the highest common divisor of 6 and a.
6
Let t(p) = 24*p - 322. Let o be t(24). Calculate the greatest common divisor of o and 8.
2
Let n = 6571 + -5419. Calculate the highest common factor of n and 512.
128
Suppose 0 = 20*q - 15*q + 165. Let k = q - -71. Let i = k - 29. What is the highest common factor of i and 72?
9
Suppose -p + 5*j = 2*p - 17, 2*p - 3 = -5*j. Let a be 2 - ((3 - p) + 34). Let f = -21 - a. What is the greatest common divisor of 2 and f?
2
Suppose -821*k + 920*k - 1710423 = 0. What is the greatest common divisor of 39 and k?
39
Suppose 53*j = 93732 + 270537. Calculate the greatest common divisor of 261 and j.
87
Suppose 32157 = 2*t + t - 3*i, -5*t - 2*i + 53546 = 0. Calculate the greatest common divisor of 312 and t.
104
Suppose 0 = -3*m - 3*g + 861, 5*m - 2*g = -3*g + 1423. Suppose -25*l = -29*l + k + 272, 4*l - 4*k = m. What is the greatest common factor of l and 1?
1
Let q(r) = -22*r - 1. Let m be q(-3). Let s be -3*6*4/18 - -7. Suppose 2*w + 115 = 5*k - s*w, 5*w + m = 3*k. What is the greatest common divisor of 10 and k?
5
Let b(u) = -12*u + 41. Let t be b(-4). Calculate the highest common divisor of 1157 and t.
89
Let j(s) = -31*s + 15*s + 75 - s**2 + 2*s. Let c be j(-18). What is the highest common divisor of 51 and c?
3
Let v be (-3)/(-6)*(1 + -1)/(-4). Suppose 5*t - 25 + 15 = v. Suppose 535 = 5*q + 5*y, -158 = -t*q + 3*y + 46. Calculate the greatest common factor of 15 and q.
15
Let c be (-5)/(25/20) + 15. Suppose -5*y + c + 54 = 0. Suppose 0 = y*h - 14*h + 18. What is the greatest common divisor of h and 2?
2
Suppose 243*r + 2160 = 267*r. What is the highest common factor of 245 and r?
5
Let t be (-182892)/(-14) - -1 - ((-528)/(-154))/(-12). What is the greatest common factor of t and 15?
15
Let m = 2047 + -1345. Suppose -7*t = -22*t + 390. What is the greatest common factor of m and t?
26
Let c(o) = 18*o**2 - 3*o - 1. Let x be c(-4). Suppose 0 = -3*a + 2*t + 78, 3*t = -3*a + 5619 - 5541. What is the greatest common factor of a and x?
13
Suppose -b - 83 = -1274. Suppose 41*g - 2909 - b = 0. What is the greatest common divisor of g and 325?
25
Let v = 6606 - 6574. Calculate the greatest common factor of 62 and v.
2
Let n be ((-1 + (0 - -2))*0)/(-1). Let k be 0/(-2) + (-1 - (-2 - n)). Let h = 19 - 12. Calculate the highest common divisor of k and h.
1
Let b(l) = l**2 - 4*l. Let z be b(3). Let v be ((-4)/2)/(z/15). What is the highest common factor of v and 320?
10
Suppose -13*b - 3*b + 18513 = 35*b. Suppose 5*i + 56 - 20 = 2*f, -5*f = 5*i + 50. Let q be 202/6 + i/12. Calculate the highest common divisor of b and q.
33
Let x(a) = -2*a - 1. Let j be x(-3). Suppose -5*t - 2*n = j - 188, -3*t = -5*n - 85. Calculate the greatest common divisor of t and 10.
5
Let q = 117 + -16. Let r = -45 + -20. Let v = q + r. Calculate the greatest common divisor of v and 24.
12
Suppose -16*p + 844 + 756 = 0. Calculate the highest common factor of 8350 and p.
50
Let g = 734 + -324. Suppose g*f = 404*f + 264. Calculate the greatest common divisor of 418 and f.
22
Let u = -82 + 147. Let x = 647 + 68. What is the greatest common divisor of x and u?
65
Suppose -5*n = 25, u - n = -3*n - 15. Let f = 65 + u. Let g(v) = v**3 - 12*v**2 - 12*v - 1. Let a be g(13). What is the highest common divisor of a and f?
12
Let k be 10881 + -1 - 0/(-12). Suppose -u - 33*u = -k. Suppose -3*q - 128 = -7*q. What is the highest common factor of q and u?
32
Suppose -5*a + 346 = 16. Let v = -77418 + 77436. What is the greatest common divisor of a and v?
6
Let l = 375 + -370. Suppose -l*o + 2*r = -67, o - 4*r - 13 = 4. What is the highest common factor of o and 143?
13
Suppose -2*n = 2*m - 32, -595 + 620 = 2*n + m. What is the highest common factor of 52875 and n?
9
Suppose 0 = p - 0*p + q - 5, -5*p - 3*q = -21. Suppose 5*d = -5*b + 3*b + 124, -3*d - 5*b = -82. What is the highest common factor of p and d?
3
Let b = 94 - 106. Let p be 0 - (b/(-32) - (-451)/(-8)). What is the greatest common divisor of p and 21?
7
Suppose -48*o + 38*o + 20 = 0. Let y be -3 - (-3 - o) - 33*-1. What is the greatest common factor of 140 and y?
35
Let k be (28/(-49))/(160/336)*-10. Calculate the highest common factor of k and 7758.
6
Suppose k - 332 = -5*s, -5*k - 49*s = -51*s - 1660. What is the greatest common factor of k and 4?
4
Suppose -150*v + 157*v + 14 = 0. Let w be 129 + 19/((-38)/(-12)) + v. What is the greatest common divisor of 19 and w?
19
Let h = -1607 - -2399. Suppose 144 = -2305*o + 2311*o. Calculate the greatest common factor of h and o.
24
Suppose -h - 35*y = -37*y - 2885, -h - 5*y + 2871 = 0. Calculate the highest common factor of h and 67.
67
Let x(w) = w**3 - w**2 - 24*w + 90. Let s be x(6). Let g(i) = 17*i**2 - 3*i + 4. Let b be g(1). Calculate the greatest common factor of s and b.
18
Let c be 4/30 + ((-15892)/(-60) - -4). Let n = 21 + c. What is the highest common factor of 58 and n?
58
Let r(y) = -3*y**3 - 6*y**2 - 7*y + 7. Let h be r(-6). Let m = -202 + h. Suppose